*v, 4*g + 3*v = -385. Let n = g + 199. What is the greatest common divisor of 34 and n?
34
Let v be (1 + 9/(-6))*-8. Suppose 0 = -v*m - 100 + 748. Let n be 1/(-1 + m/160). Calculate the greatest common factor of n and 10.
10
Let c(p) = p**3 - 11*p**2 + 16*p - 9. Let r(o) = 1. Let z(i) = -c(i) + 6*r(i). Let v be z(7). What is the highest common divisor of 9 and v?
9
Suppose 10*x - 78 - 112 = 0. Let t = 29 + x. What is the greatest common factor of 384 and t?
48
Let t be 9/((-7)/(3430/(-15))). Let n be t/8 - (-18)/(-24). Calculate the greatest common divisor of n and 4.
4
Let j = -354 + 504. What is the greatest common factor of j and 6?
6
Let i(b) = -47*b - 4. Let n be i(-4). Let u = 48 - 25. Calculate the greatest common divisor of u and n.
23
Suppose 3*w + 22 = 5*p, 5*p + w - 29 = -3*w. Suppose -21*x + 3*x + 18 = 0. What is the highest common divisor of p and x?
1
Suppose -3*a + 0 + 6 = 0. Suppose 0 = 2*h + 5*z + 32, h + 14 = -0*h - a*z. Let y be 636/10 - h/15. Calculate the highest common factor of 8 and y.
8
Suppose 0 = -2*u - 2*m + 754, -2*u - 7*m = -3*m - 748. Let c = u - 108. Calculate the highest common factor of 34 and c.
34
Suppose u - 2*x + 1 = -4, 5*u = 5*x - 5. Suppose -5*i + u*t + 799 = -0*t, 4*t + 153 = i. Calculate the greatest common factor of i and 23.
23
Suppose -2*r + 45 = r. Let n be 20/(21/30 - (-1)/(-5)). Suppose 5*m - m - n = 0. What is the highest common divisor of r and m?
5
Let h(b) = -98*b - 270. Let x be h(-6). What is the highest common divisor of x and 30?
6
Let t(d) = -26*d - 1. Let q be t(-1). Suppose 357*z - 372*z + 75 = 0. Calculate the highest common divisor of q and z.
5
Suppose 4*m + 0*g - 64 = -2*g, -3*g = -m + 2. Let l be 28*((-6)/4)/(-3). What is the highest common factor of l and m?
14
Suppose t - 753 = -4*p, -4*p + 479 = -t - 280. Calculate the greatest common factor of 35 and p.
7
Let y = -17 - -10. Let f = y - -21. What is the highest common divisor of f and 140?
14
Suppose 6*o + 4*a + 52 = 10*o, 0 = -3*a + 9. What is the greatest common factor of o and 28?
4
Let q(s) be the second derivative of s**5/20 - 2*s**4/3 + 7*s**3/3 - 5*s**2/2 - 55*s. Let i be q(6). Calculate the greatest common divisor of 70 and i.
7
Let j be (-16*1)/((-16)/120). Let o be 1/((-4)/(-16)) - -12. Suppose o*m - 60 = 12*m. Calculate the greatest common divisor of j and m.
15
Suppose -z + 77 + 0 = 0. Calculate the greatest common divisor of 11 and z.
11
Let i(u) = 2*u + 2 + 9 - 1. Let g(z) = 2*z**2 - 23*z + 15. Let k be g(11). Let w be i(k). What is the greatest common divisor of w and 9?
9
Let c(d) = -d - 3. Let j be c(-8). Let x(g) = -39*g + 430. Let h be x(11). What is the highest common factor of j and h?
1
Suppose -2*h + 3*o = -48, 0 = -h - o - 12 + 46. Let j = 32 - 12. Calculate the highest common factor of h and j.
10
Suppose -3*k = -7*k + 100. Let t = 35 + k. What is the highest common factor of t and 40?
20
Suppose 188*j = 177*j + 10846. Calculate the greatest common factor of 68 and j.
34
Suppose a - 3*l = 15, -4*l = l + 15. Suppose 3*t = -t - 2*q + 18, 2*t + 4*q - a = 0. Suppose t = -4*r + 9. What is the highest common factor of 7 and r?
1
Let w be 1199 - ((-8 - -10) + -3). Calculate the highest common factor of w and 450.
150
Let r(z) = 3*z + 1. Let v be r(-11). Let b = v - -64. Suppose -6*d = -4*d - b. Calculate the highest common divisor of 8 and d.
8
Suppose -145 = -8*k + 95. Suppose k = 24*n - 23*n. What is the greatest common divisor of n and 330?
30
Suppose -2*m + 5*q = -62, -4 = -m - 4*q + 40. Calculate the highest common divisor of 144 and m.
36
Let k = 38 + -82. Suppose 3*m - 99 - 123 = 0. Let z = m + k. Calculate the highest common divisor of z and 6.
6
Let a(f) = f**3 - 26*f**2 - 59*f + 89. Let p be a(28). Suppose -4*g + 3 + 9 = 0. Suppose 12 + 3 = g*w. Calculate the highest common divisor of p and w.
5
Let f = 392 - -135. What is the greatest common factor of f and 17?
17
Let i(h) = 5*h - 6 + 0 + 60*h**2 + 3 - 7*h**2. Let f be i(1). What is the highest common factor of f and 5?
5
Suppose 0 = -17*l + 259 + 166. What is the greatest common divisor of l and 15?
5
Let r be 6*(2/4 + 0). Suppose 2*p - 110 = 4*o, 26 = -r*o - 3*p - 34. Let x be 50/4*(-40)/o. What is the greatest common divisor of x and 5?
5
Suppose -5*b + 116 = 4*l, 3*l - 3 = 6*l. Calculate the greatest common divisor of b and 72.
24
Let f(w) = 22*w**2 + 11*w + 18. Let o be f(-2). Calculate the greatest common factor of o and 12.
12
Suppose z - 3*g = -28, 4*g - 10 = z + 22. Let d(r) = r**3 + 15*r**2 - 18*r - 12. Let s be d(z). What is the highest common divisor of s and 5?
5
Let b be 5 + (-66)/(((-12)/(-44))/(-1)). Calculate the greatest common factor of b and 13.
13
Let h(d) = -d**2 + 6*d - 1. Let u be h(3). Calculate the greatest common divisor of u and 10.
2
Let w(i) = 275*i**2 - 50*i + 100. Let g be w(2). Calculate the greatest common divisor of g and 44.
44
Let q = 95 - 71. Suppose 2*v - q = 2*b + 8, 4*v = -3*b + 29. Let p = 13 - 2. What is the highest common factor of v and p?
11
Suppose 0 = 4*p + 7 - 27. Let u(a) = 25*a**2 - a + 1. Let s be 14/10 + 4/(-10). Let o be u(s). Calculate the greatest common divisor of o and p.
5
Let o be (-496)/(-28) + 2/7. Let d(u) = u - 7. Let g be d(10). Let k(z) = 6*z**3 - z**2 + 4*z - 3. Let h be k(g). What is the highest common divisor of h and o?
18
Suppose -35*g + 2043 = -3557. Let v = -159 - -223. What is the highest common factor of g and v?
32
Suppose 2*j = 5*w + 283, 9*j - 4*j + 2*w = 780. What is the highest common factor of 98 and j?
14
Let p(y) = y**2 + 168. Let h be p(0). Suppose -4*v + 0 = -4*j + 224, 3*j + 5*v = h. Calculate the greatest common divisor of j and 7.
7
Let d(t) = 5*t**2 - 6*t - 25. Let p be d(5). Calculate the greatest common factor of 40 and p.
10
Suppose 1 = 4*a - 19. Let i(o) = -o**2 + 10*o - 2. Let x be i(a). Let b = -25 + 48. Calculate the greatest common divisor of x and b.
23
Let b(r) = 10*r + 724. Let i be b(-54). Calculate the highest common divisor of 230 and i.
46
Suppose -2*q + 5*q = 4*k, -5*k = -q. Suppose 0 = -q*m - 4*m + 92. Suppose -3*z - j = -m, j + 0 = 2. Calculate the highest common divisor of 7 and z.
7
Let s be (5/2)/(-5)*(-4 - 4). Suppose -252 + 308 = s*y. What is the greatest common factor of 28 and y?
14
Let j be 2752/9 + (-4)/(-18). What is the greatest common factor of 170 and j?
34
Suppose -65*p = 10847 - 144552. What is the greatest common divisor of 22 and p?
11
Let v(n) = -n**3 - 14*n**2 - 25*n - 106. Let u be v(-15). Calculate the highest common factor of 114 and u.
38
Let h(i) = 29*i**3 + 2*i**2 - 1. Let x be h(1). Suppose 95 = o + 2*l, 5*l = 2*o - 370 + 135. Calculate the greatest common factor of o and x.
15
Suppose 8*k - 11*k = -54. Let c be (-2)/(-11) - 2370/(-33). What is the greatest common factor of c and k?
18
Let o(l) = l**3 - 3*l**2 - 3*l - 19. Let u be o(6). Let g = -31 + u. What is the highest common factor of g and 20?
20
Suppose 2*q = 58*d - 54*d - 494, 5*d + 2*q - 640 = 0. Calculate the highest common factor of 189 and d.
63
Let r(t) = t**3 + 21*t**2 + 37*t + 5. Let s(w) = w - 1. Let x(i) = -r(i) - 2*s(i). Let f be x(-19). Calculate the greatest common factor of f and 80.
16
Let h(q) = -7*q**2 - 49*q. Let x be h(-4). What is the greatest common factor of x and 98?
14
Suppose 5*m + 8*g - 12*g = 288, 4*m = 3*g + 231. What is the highest common factor of m and 21?
3
Suppose -28 - 77 = -3*w - i, 0 = -2*w - 5*i + 57. Let j = 20 + -2. Let g be j + (3 - 1 - 2). What is the greatest common divisor of w and g?
18
Let n = -1174 + 2114. Suppose -4*j - 2*p = -932, 6*j + 4*p = 2*j + n. Suppose h - v + 67 = 4*h, -2*v + 29 = h. What is the highest common factor of h and j?
21
Let v(r) be the first derivative of r**4/4 - 6*r**3 + r**2/2 - 16*r - 8. Let m be v(18). What is the highest common factor of 4 and m?
2
Let b(v) = 8*v**3 + 5*v**2 - 4*v - 1. Let u be b(2). Calculate the highest common divisor of u and 675.
75
Let s = 2 + -2. Suppose 0 = h - s - 11. Calculate the greatest common divisor of h and 11.
11
Let m = -3 - -3. Let t = 12 - m. Let a be (1/(-2))/((-3)/360). What is the greatest common factor of a and t?
12
Suppose 0 = -31*k + 341 - 62. Calculate the highest common divisor of 333 and k.
9
Let f(o) = 65*o - 182. Let l be f(4). What is 